2.
137
Calculate the remainder when 873 is divided by 218.
1
Calculate the remainder when 1672 is divided by 285.
247
What is the remainder when 857 is divided by 144?
137
Calculate the remainder when 367 is divided by 16.
15
Calculate the remainder when 22 is divided by 4.
2
What is the remainder when 142 is divided by 27?
7
Calculate the remainder when 623 is divided by 125.
123
What is the remainder when 42 is divided by 23?
19
What is the remainder when 2316 is divided by 165?
6
Calculate the remainder when 2290 is divided by 74.
70
Calculate the remainder when 258 is divided by 20.
18
What is the remainder when 69 is divided by 37?
32
What is the remainder when 72 is divided by 67?
5
Calculate the remainder when 45 is divided by 37.
8
What is the remainder when 78 is divided by 40?
38
Calculate the remainder when 120 is divided by 13.
3
Calculate the remainder when 64 is divided by 35.
29
Calculate the remainder when 232 is divided by 5.
2
Calculate the remainder when 405 is divided by 17.
14
Calculate the remainder when 6129 is divided by 2041.
6
Calculate the remainder when 116 is divided by 36.
8
What is the remainder when 217 is divided by 44?
41
What is the remainder when 695 is divided by 666?
29
Calculate the remainder when 527 is divided by 11.
10
Calculate the remainder when 26 is divided by 24.
2
Calculate the remainder when 21 is divided by 4.
1
Calculate the remainder when 90 is divided by 16.
10
Calculate the remainder when 286 is divided by 96.
94
What is the remainder when 14267 is divided by 67?
63
What is the remainder when 1692 is divided by 77?
75
What is the remainder when 5847 is divided by 90?
87
Calculate the remainder when 553 is divided by 37.
35
Calculate the remainder when 159 is divided by 26.
3
What is the remainder when 112 is divided by 30?
22
Calculate the remainder when 243 is divided by 118.
7
Calculate the remainder when 3018 is divided by 334.
12
Calculate the remainder when 4877 is divided by 44.
37
Calculate the remainder when 1386 is divided by 282.
258
What is the remainder when 731 is divided by 72?
11
Calculate the remainder when 31 is divided by 9.
4
What is the remainder when 528 is divided by 169?
21
Calculate the remainder when 370 is divided by 35.
20
What is the remainder when 263 is divided by 67?
62
What is the remainder when 134 is divided by 9?
8
What is the remainder when 2043 is divided by 23?
19
What is the remainder when 11646 is divided by 56?
54
Calculate the remainder when 1381 is divided by 460.
1
Calculate the remainder when 2554 is divided by 21.
13
Calculate the remainder when 998 is divided by 244.
22
Calculate the remainder when 377 is divided by 107.
56
Calculate the remainder when 2598 is divided by 52.
50
What is the remainder when 14129 is divided by 37?
32
What is the remainder when 104 is divided by 37?
30
What is the remainder when 575 is divided by 64?
63
Calculate the remainder when 26 is divided by 24.
2
What is the remainder when 143 is divided by 4?
3
Calculate the remainder when 4907 is divided by 2446.
15
Calculate the remainder when 15102 is divided by 11.
10
What is the remainder when 15918 is divided by 199?
197
What is the remainder when 226 is divided by 21?
16
Calculate the remainder when 2266 is divided by 227.
223
Calculate the remainder when 476 is divided by 172.
132
Calculate the remainder when 1126 is divided by 294.
244
Calculate the remainder when 979 is divided by 966.
13
Calculate the remainder when 699 is divided by 244.
211
Calculate the remainder when 446 is divided by 56.
54
What is the remainder when 165 is divided by 43?
36
Calculate the remainder when 115 is divided by 32.
19
Calculate the remainder when 1074 is divided by 77.
73
Calculate the remainder when 1233 is divided by 34.
9
Calculate the remainder when 22043 is divided by 50.
43
Calculate the remainder when 1124 is divided by 15.
14
Calculate the remainder when 135 is divided by 40.
15
What is the remainder when 304 is divided by 241?
63
Calculate the remainder when 30 is divided by 21.
9
Calculate the remainder when 372 is divided by 94.
90
Calculate the remainder when 1063 is divided by 19.
18
What is the remainder when 60 is divided by 17?
9
Calculate the remainder when 2266 is divided by 162.
160
Calculate the remainder when 1468 is divided by 105.
103
What is the remainder when 349 is divided by 100?
49
Calculate the remainder when 5290 is divided by 49.
47
What is the remainder when 978 is divided by 479?
20
What is the remainder when 9098 is divided by 175?
173
What is the remainder when 595 is divided by 555?
40
Calculate the remainder when 187 is divided by 181.
6
What is the remainder when 5356 is divided by 134?
130
What is the remainder when 80 is divided by 6?
2
What is the remainder when 293 is divided by 21?
20
What is the remainder when 336 is divided by 34?
30
Calculate the remainder when 552 is divided by 296.
256
Calculate the remainder when 153 is divided by 36.
9
What is the remainder when 673 is divided by 164?
17
What is the remainder when 38 is divided by 5?
3
What is the remainder when 118 is divided by 99?
19
What is the remainder when 88 is divided by 39?
10
Calculate the remainder when 121 is divided by 90.
31
Calculate the remainder when 2282 is divided by 82.
68
Calculate the remainder when 85 is divided by 35.
15
Calculate the remainder when 85 is divided by 38.
9
What is the remainder when 37 is divided by 19?
18
What is the remainder when 273 is divided by 46?
43
Calculate the remainder when 2173 is divided by 32.
29
What is the remainder when 62 is divided by 4?
2
What is the remainder when 1280 is divided by 55?
15
Calculate the remainder when 406 is divided by 128.
22
What is the remainder when 91 is divided by 32?
27
Calculate the remainder when 398 is divided by 23.
7
What is the remainder when 3261 is divided by 68?
65
What is the remainder when 203 is divided by 42?
35
Calculate the remainder when 62 is divided by 6.
2
Calculate the remainder when 13397 is divided by 87.
86
What is the remainder when 2858 is divided by 44?
42
Calculate the remainder when 122 is divided by 25.
22
What is the remainder when 51 is divided by 11?
7
Calculate the remainder when 159 is divided by 21.
12
Calculate the remainder when 119 is divided by 36.
11
What is the remainder when 48 is divided by 17?
14
What is the remainder when 1870 is divided by 48?
46
What is the remainder when 87 is divided by 16?
7
Calculate the remainder when 997 is divided by 27.
25
Calculate the remainder when 197 is divided by 33.
32
Calculate the remainder when 263 is divided by 3.
2
What is the remainder when 47 is divided by 15?
2
What is the remainder when 758 is divided by 23?
22
What is the remainder when 97 is divided by 27?
16
Calculate the remainder when 224 is divided by 29.
21
What is the remainder when 550 is divided by 56?
46
What is the remainder when 27 is divided by 19?
8
Calculate the remainder when 71 is divided by 8.
7
What is the remainder when 787 is divided by 10?
7
Calculate the remainder when 1286 is divided by 99.
98
Calculate the remainder when 1153 is divided by 174.
109
What is the remainder when 93 is divided by 42?
9
What is the remainder when 98 is divided by 26?
20
Calculate the remainder when 65 is divided by 7.
2
What is the remainder when 18134 is divided by 117?
116
Calculate the remainder when 538 is divided by 18.
16
Calculate the remainder when 13063 is divided by 92.
91
Calculate the remainder when 3250 is divided by 70.
30
Calculate the remainder when 16 is divided by 7.
2
Calculate the remainder when 188 is divided by 25.
13
What is the remainder when 393 is divided by 79?
77
Calculate the remainder when 117 is divided by 31.
24
What is the remainder when 245 is divided by 25?
20
Calculate the remainder when 109 is divided by 75.
34
What is the remainder when 100 is divided by 47?
6
What is the remainder when 736 is divided by 11?
10
Calculate the remainder when 1822 is divided by 47.
36
What is the remainder when 79 is divided by 58?
21
What is the remainder when 19 is divided by 10?
9
Calculate the remainder when 510 is divided by 136.
102
Calculate the remainder when 629 is divided by 18.
17
What is the remainder when 2574 is divided 